{"id":29,"date":"2026-02-18T10:33:05","date_gmt":"2026-02-18T10:33:05","guid":{"rendered":"https:\/\/ctuwqxg.cluster121.hosting.ovh.net\/index.php\/terms-of-use\/"},"modified":"2026-02-18T10:33:24","modified_gmt":"2026-02-18T10:33:24","slug":"terms-of-use","status":"publish","type":"page","link":"https:\/\/www.chezvivi-optique.fr\/index.php\/terms-of-use\/","title":{"rendered":"Terms of Use"},"content":{"rendered":"\t\t<div data-elementor-type=\"wp-page\" data-elementor-id=\"29\" class=\"elementor elementor-29\" data-elementor-post-type=\"page\">\n\t\t\t\t<div class=\"elementor-element elementor-element-762c296c e-flex e-con-boxed e-con e-parent\" data-id=\"762c296c\" data-element_type=\"container\" data-e-type=\"container\">\n\t\t\t\t\t<div class=\"e-con-inner\">\n\t\t\t\t<div class=\"elementor-element elementor-element-2b8827a1 elementor-invisible elementor-widget elementor-widget-heading\" data-id=\"2b8827a1\" data-element_type=\"widget\" data-e-type=\"widget\" data-settings=\"{&quot;_animation&quot;:&quot;fadeIn&quot;}\" data-widget_type=\"heading.default\">\n\t\t\t\t\t<h1 class=\"elementor-heading-title elementor-size-default\">Terms of Use<\/h1>\t\t\t\t<\/div>\n\t\t\t\t<div class=\"elementor-element elementor-element-2fc7cfbf elementor-widget elementor-widget-heading\" data-id=\"2fc7cfbf\" data-element_type=\"widget\" data-e-type=\"widget\" data-widget_type=\"heading.default\">\n\t\t\t\t\t<h4 class=\"elementor-heading-title elementor-size-default\">General Terms and Conditions of Cactus<\/h4>\t\t\t\t<\/div>\n\t\t\t\t\t<\/div>\n\t\t\t\t<\/div>\n\t\t<div class=\"elementor-element elementor-element-236cb53d e-flex e-con-boxed e-con e-parent\" data-id=\"236cb53d\" data-element_type=\"container\" data-e-type=\"container\">\n\t\t\t\t\t<div class=\"e-con-inner\">\n\t\t<div class=\"elementor-element elementor-element-22c0e569 e-con-full e-flex e-con e-child\" data-id=\"22c0e569\" data-element_type=\"container\" data-e-type=\"container\">\n\t\t\t\t<div class=\"elementor-element elementor-element-56d3ccfd elementor-icon-list--layout-traditional elementor-list-item-link-full_width elementor-widget elementor-widget-icon-list\" data-id=\"56d3ccfd\" data-element_type=\"widget\" data-e-type=\"widget\" data-widget_type=\"icon-list.default\">\n\t\t\t\t\t\t\t<ul class=\"elementor-icon-list-items\">\n\t\t\t\t\t\t\t<li class=\"elementor-icon-list-item\">\n\t\t\t\t\t\t\t\t\t\t<span class=\"elementor-icon-list-text\">General Information<\/span>\n\t\t\t\t\t\t\t\t\t<\/li>\n\t\t\t\t\t\t<\/ul>\n\t\t\t\t\t\t<\/div>\n\t\t\t\t<div class=\"elementor-element elementor-element-7a745e24 elementor-widget elementor-widget-text-editor\" data-id=\"7a745e24\" data-element_type=\"widget\" data-e-type=\"widget\" data-widget_type=\"text-editor.default\">\n\t\t\t\t\t\t\t\t\t<p>Lorem ipsum dolor sit amet, consectetur adipiscing elit, sed do eiusmod tempor incididunt ut labore et dolore magna aliqua. Penatibus et magnis dis parturient montes nascetur ridiculus mus mauris. Gravida in fermentum et sollicitudin ac orci phasellus. Vitae proin sagittis nisl rhoncus mattis rhoncus urna neque. Iaculis nunc sed augue lacus. Ultricies lacus sed turpis tincidunt. Velit aliquet sagittis id consectetur. Nisl purus in mollis nunc sed id. Erat nam at lectus urna. Lorem dolor sed viverra ipsum. Massa placerat duis ultricies lacus sed turpis tincidunt id. Massa tempor nec feugiat nisl pretium fusce id velit ut. Odio ut enim blandit volutpat maecenas volutpat. Risus commodo viverra maecenas accumsan. Molestie nunc non blandit massa enim nec. Eros in cursus turpis massa tincidunt dui. Tellus id interdum velit laoreet.<\/p><p>Lorem donec massa sapien faucibus et. Pellentesque eu tincidunt tortor aliquam. Condimentum lacinia quis vel eros donec ac odio tempor. Enim facilisis gravida neque convallis a cras. Donec et odio pellentesque diam. Commodo quis imperdiet massa tincidunt nunc pulvinar sapien et. Netus et malesuada fames ac turpis egestas maecenas pharetra. Elit ut aliquam purus sit amet luctus venenatis. Vestibulum rhoncus est pellentesque elit ullamcorper dignissim cras tincidunt. Egestas congue quisque egestas diam in arcu. Adipiscing at in tellus integer. Donec ultrices tincidunt arcu non sodales neque sodales ut etiam. Pellentesque elit eget gravida cum sociis natoque penatibus. Nulla pellentesque dignissim enim sit amet venenatis. Ullamcorper sit amet risus nullam eget felis eget nunc lobortis. Pulvinar etiam non quam lacus suspendisse faucibus interdum. Bibendum est ultricies integer quis auctor elit sed vulputate mi. Erat pellentesque adipiscing commodo elit at imperdiet dui accumsan sit.<\/p>\t\t\t\t\t\t\t\t<\/div>\n\t\t\t\t<\/div>\n\t\t<div class=\"elementor-element elementor-element-47597da3 e-con-full e-flex e-con e-child\" data-id=\"47597da3\" data-element_type=\"container\" data-e-type=\"container\">\n\t\t\t\t<div class=\"elementor-element elementor-element-3a1064ba elementor-icon-list--layout-traditional elementor-list-item-link-full_width elementor-widget elementor-widget-icon-list\" data-id=\"3a1064ba\" data-element_type=\"widget\" data-e-type=\"widget\" data-widget_type=\"icon-list.default\">\n\t\t\t\t\t\t\t<ul class=\"elementor-icon-list-items\">\n\t\t\t\t\t\t\t<li class=\"elementor-icon-list-item\">\n\t\t\t\t\t\t\t\t\t\t<span class=\"elementor-icon-list-text\">Use of Cactus<\/span>\n\t\t\t\t\t\t\t\t\t<\/li>\n\t\t\t\t\t\t<\/ul>\n\t\t\t\t\t\t<\/div>\n\t\t\t\t<div class=\"elementor-element elementor-element-68b6a8c3 elementor-widget elementor-widget-text-editor\" data-id=\"68b6a8c3\" data-element_type=\"widget\" data-e-type=\"widget\" data-widget_type=\"text-editor.default\">\n\t\t\t\t\t\t\t\t\t<p>Lorem ipsum dolor sit amet, consectetur adipiscing elit, sed do eiusmod tempor incididunt ut labore et dolore magna aliqua. Penatibus et magnis dis parturient montes nascetur ridiculus mus mauris. Gravida in fermentum et sollicitudin ac orci phasellus. Vitae proin sagittis nisl rhoncus mattis rhoncus urna neque. Iaculis nunc sed augue lacus. Ultricies lacus sed turpis tincidunt. Velit aliquet sagittis id consectetur. Nisl purus in mollis nunc sed id. Erat nam at lectus urna. Lorem dolor sed viverra ipsum. Massa placerat duis ultricies lacus sed turpis tincidunt id. Massa tempor nec feugiat nisl pretium fusce id velit ut. Odio ut enim blandit volutpat maecenas volutpat. Risus commodo viverra maecenas accumsan. Molestie nunc non blandit massa enim nec. Eros in cursus turpis massa tincidunt dui. Tellus id interdum velit laoreet.<\/p><p>Lorem donec massa sapien faucibus et. Pellentesque eu tincidunt tortor aliquam. Condimentum lacinia quis vel eros donec ac odio tempor. Enim facilisis gravida neque convallis a cras. Donec et odio pellentesque diam. Commodo quis imperdiet massa tincidunt nunc pulvinar sapien et. Netus et malesuada fames ac turpis egestas maecenas pharetra. Elit ut aliquam purus sit amet luctus venenatis. Vestibulum rhoncus est pellentesque elit ullamcorper dignissim cras tincidunt. Egestas congue quisque egestas diam in arcu. Adipiscing at in tellus integer. Donec ultrices tincidunt arcu non sodales neque sodales ut etiam. Pellentesque elit eget gravida cum sociis natoque penatibus. Nulla pellentesque dignissim enim sit amet venenatis. Ullamcorper sit amet risus nullam eget felis eget nunc lobortis. Pulvinar etiam non quam lacus suspendisse faucibus interdum. Bibendum est ultricies integer quis auctor elit sed vulputate mi. Erat pellentesque adipiscing commodo elit at imperdiet dui accumsan sit.<\/p>\t\t\t\t\t\t\t\t<\/div>\n\t\t\t\t<\/div>\n\t\t<div class=\"elementor-element elementor-element-31bf54e9 e-con-full e-flex e-con e-child\" data-id=\"31bf54e9\" data-element_type=\"container\" data-e-type=\"container\">\n\t\t\t\t<div class=\"elementor-element elementor-element-9c36dbc elementor-icon-list--layout-traditional elementor-list-item-link-full_width elementor-widget elementor-widget-icon-list\" data-id=\"9c36dbc\" data-element_type=\"widget\" data-e-type=\"widget\" data-widget_type=\"icon-list.default\">\n\t\t\t\t\t\t\t<ul class=\"elementor-icon-list-items\">\n\t\t\t\t\t\t\t<li class=\"elementor-icon-list-item\">\n\t\t\t\t\t\t\t\t\t\t<span class=\"elementor-icon-list-text\">Terms of Cactus<\/span>\n\t\t\t\t\t\t\t\t\t<\/li>\n\t\t\t\t\t\t<\/ul>\n\t\t\t\t\t\t<\/div>\n\t\t\t\t<div class=\"elementor-element elementor-element-47ea36fc elementor-widget elementor-widget-text-editor\" data-id=\"47ea36fc\" data-element_type=\"widget\" data-e-type=\"widget\" data-widget_type=\"text-editor.default\">\n\t\t\t\t\t\t\t\t\t<p>Lorem ipsum dolor sit amet, consectetur adipiscing elit, sed do eiusmod tempor incididunt ut labore et dolore magna aliqua. Penatibus et magnis dis parturient montes nascetur ridiculus mus mauris. Gravida in fermentum et sollicitudin ac orci phasellus. Vitae proin sagittis nisl rhoncus mattis rhoncus urna neque. Iaculis nunc sed augue lacus. Ultricies lacus sed turpis tincidunt. Velit aliquet sagittis id consectetur. Nisl purus in mollis nunc sed id. Erat nam at lectus urna. Lorem dolor sed viverra ipsum. Massa placerat duis ultricies lacus sed turpis tincidunt id. Massa tempor nec feugiat nisl pretium fusce id velit ut. Odio ut enim blandit volutpat maecenas volutpat. Risus commodo viverra maecenas accumsan. Molestie nunc non blandit massa enim nec. Eros in cursus turpis massa tincidunt dui. Tellus id interdum velit laoreet.<\/p><p>Lorem donec massa sapien faucibus et. Pellentesque eu tincidunt tortor aliquam. Condimentum lacinia quis vel eros donec ac odio tempor. Enim facilisis gravida neque convallis a cras. Donec et odio pellentesque diam. Commodo quis imperdiet massa tincidunt nunc pulvinar sapien et. Netus et malesuada fames ac turpis egestas maecenas pharetra. Elit ut aliquam purus sit amet luctus venenatis. Vestibulum rhoncus est pellentesque elit ullamcorper dignissim cras tincidunt. Egestas congue quisque egestas diam in arcu. Adipiscing at in tellus integer. Donec ultrices tincidunt arcu non sodales neque sodales ut etiam. Pellentesque elit eget gravida cum sociis natoque penatibus. Nulla pellentesque dignissim enim sit amet venenatis. Ullamcorper sit amet risus nullam eget felis eget nunc lobortis. Pulvinar etiam non quam lacus suspendisse faucibus interdum. Bibendum est ultricies integer quis auctor elit sed vulputate mi. Erat pellentesque adipiscing commodo elit at imperdiet dui accumsan sit.<\/p>\t\t\t\t\t\t\t\t<\/div>\n\t\t\t\t<\/div>\n\t\t\t\t\t<\/div>\n\t\t\t\t<\/div>\n\t\t\t\t<\/div>\n\t\t","protected":false},"excerpt":{"rendered":"<p>Terms of Use General Terms and Conditions of Cactus General Information Lorem ipsum dolor sit amet, consectetur adipiscing elit, sed do eiusmod tempor incididunt ut labore et dolore magna aliqua. Penatibus et magnis dis parturient montes nascetur ridiculus mus mauris. Gravida in fermentum et sollicitudin ac orci phasellus. Vitae proin sagittis nisl rhoncus mattis rhoncus [&hellip;]<\/p>\n","protected":false},"author":1,"featured_media":32,"parent":0,"menu_order":0,"comment_status":"closed","ping_status":"closed","template":"elementor_header_footer","meta":{"footnotes":""},"class_list":["post-29","page","type-page","status-publish","has-post-thumbnail","hentry"],"yoast_head":"<!-- This site is optimized with the Yoast SEO plugin v27.1.1 - https:\/\/yoast.com\/product\/yoast-seo-wordpress\/ -->\n<title>Terms of Use - Chez Vivi - Opticien Lunetier<\/title>\n<meta name=\"robots\" content=\"index, follow, max-snippet:-1, max-image-preview:large, max-video-preview:-1\" \/>\n<link rel=\"canonical\" href=\"https:\/\/www.chezvivi-optique.fr\/index.php\/terms-of-use\/\" \/>\n<meta property=\"og:locale\" content=\"fr_FR\" \/>\n<meta property=\"og:type\" content=\"article\" \/>\n<meta property=\"og:title\" content=\"Terms of Use - Chez Vivi - Opticien Lunetier\" \/>\n<meta property=\"og:description\" content=\"Terms of Use General Terms and Conditions of Cactus General Information Lorem ipsum dolor sit amet, consectetur adipiscing elit, sed do eiusmod tempor incididunt ut labore et dolore magna aliqua. Penatibus et magnis dis parturient montes nascetur ridiculus mus mauris. Gravida in fermentum et sollicitudin ac orci phasellus. Vitae proin sagittis nisl rhoncus mattis rhoncus [&hellip;]\" \/>\n<meta property=\"og:url\" content=\"https:\/\/www.chezvivi-optique.fr\/index.php\/terms-of-use\/\" \/>\n<meta property=\"og:site_name\" content=\"Chez Vivi - Opticien Lunetier\" \/>\n<meta property=\"article:modified_time\" content=\"2026-02-18T10:33:24+00:00\" \/>\n<meta property=\"og:image\" content=\"https:\/\/www.chezvivi-optique.fr\/wp-content\/uploads\/2026\/02\/Terms-Of-Use.jpg\" \/>\n\t<meta property=\"og:image:width\" content=\"400\" \/>\n\t<meta property=\"og:image:height\" content=\"380\" \/>\n\t<meta property=\"og:image:type\" content=\"image\/jpeg\" \/>\n<meta name=\"twitter:card\" content=\"summary_large_image\" \/>\n<meta name=\"twitter:label1\" content=\"Dur\u00e9e de lecture estim\u00e9e\" \/>\n\t<meta name=\"twitter:data1\" content=\"4 minutes\" \/>\n<script type=\"application\/ld+json\" class=\"yoast-schema-graph\">{\"@context\":\"https:\/\/schema.org\",\"@graph\":[{\"@type\":\"WebPage\",\"@id\":\"https:\/\/www.chezvivi-optique.fr\/index.php\/terms-of-use\/\",\"url\":\"https:\/\/www.chezvivi-optique.fr\/index.php\/terms-of-use\/\",\"name\":\"Terms of Use - Chez Vivi - Opticien Lunetier\",\"isPartOf\":{\"@id\":\"https:\/\/www.chezvivi-optique.fr\/#website\"},\"primaryImageOfPage\":{\"@id\":\"https:\/\/www.chezvivi-optique.fr\/index.php\/terms-of-use\/#primaryimage\"},\"image\":{\"@id\":\"https:\/\/www.chezvivi-optique.fr\/index.php\/terms-of-use\/#primaryimage\"},\"thumbnailUrl\":\"https:\/\/www.chezvivi-optique.fr\/wp-content\/uploads\/2026\/02\/Terms-Of-Use.jpg\",\"datePublished\":\"2026-02-18T10:33:05+00:00\",\"dateModified\":\"2026-02-18T10:33:24+00:00\",\"breadcrumb\":{\"@id\":\"https:\/\/www.chezvivi-optique.fr\/index.php\/terms-of-use\/#breadcrumb\"},\"inLanguage\":\"fr-FR\",\"potentialAction\":[{\"@type\":\"ReadAction\",\"target\":[\"https:\/\/www.chezvivi-optique.fr\/index.php\/terms-of-use\/\"]}]},{\"@type\":\"ImageObject\",\"inLanguage\":\"fr-FR\",\"@id\":\"https:\/\/www.chezvivi-optique.fr\/index.php\/terms-of-use\/#primaryimage\",\"url\":\"https:\/\/www.chezvivi-optique.fr\/wp-content\/uploads\/2026\/02\/Terms-Of-Use.jpg\",\"contentUrl\":\"https:\/\/www.chezvivi-optique.fr\/wp-content\/uploads\/2026\/02\/Terms-Of-Use.jpg\",\"width\":400,\"height\":380},{\"@type\":\"BreadcrumbList\",\"@id\":\"https:\/\/www.chezvivi-optique.fr\/index.php\/terms-of-use\/#breadcrumb\",\"itemListElement\":[{\"@type\":\"ListItem\",\"position\":1,\"name\":\"Accueil\",\"item\":\"https:\/\/www.chezvivi-optique.fr\/\"},{\"@type\":\"ListItem\",\"position\":2,\"name\":\"Terms of Use\"}]},{\"@type\":\"WebSite\",\"@id\":\"https:\/\/www.chezvivi-optique.fr\/#website\",\"url\":\"https:\/\/www.chezvivi-optique.fr\/\",\"name\":\"Chez Vivi - Opticien Lunetier\",\"description\":\"Votre opticien lyonnais pr\u00e9f\u00e9r\u00e9\",\"publisher\":{\"@id\":\"https:\/\/www.chezvivi-optique.fr\/#organization\"},\"potentialAction\":[{\"@type\":\"SearchAction\",\"target\":{\"@type\":\"EntryPoint\",\"urlTemplate\":\"https:\/\/www.chezvivi-optique.fr\/?s={search_term_string}\"},\"query-input\":{\"@type\":\"PropertyValueSpecification\",\"valueRequired\":true,\"valueName\":\"search_term_string\"}}],\"inLanguage\":\"fr-FR\"},{\"@type\":\"Organization\",\"@id\":\"https:\/\/www.chezvivi-optique.fr\/#organization\",\"name\":\"Chez Vivi - Opticien Lunetier\",\"url\":\"https:\/\/www.chezvivi-optique.fr\/\",\"logo\":{\"@type\":\"ImageObject\",\"inLanguage\":\"fr-FR\",\"@id\":\"https:\/\/www.chezvivi-optique.fr\/#\/schema\/logo\/image\/\",\"url\":\"https:\/\/www.chezvivi-optique.fr\/wp-content\/uploads\/2026\/02\/logo-baseline-longue-horizontal-beige@3x.png\",\"contentUrl\":\"https:\/\/www.chezvivi-optique.fr\/wp-content\/uploads\/2026\/02\/logo-baseline-longue-horizontal-beige@3x.png\",\"width\":1941,\"height\":588,\"caption\":\"Chez Vivi - Opticien Lunetier\"},\"image\":{\"@id\":\"https:\/\/www.chezvivi-optique.fr\/#\/schema\/logo\/image\/\"},\"sameAs\":[\"https:\/\/www.instagram.com\/chezvivi_optique\/\"]}]}<\/script>\n<!-- \/ Yoast SEO plugin. -->","yoast_head_json":{"title":"Terms of Use - Chez Vivi - Opticien Lunetier","robots":{"index":"index","follow":"follow","max-snippet":"max-snippet:-1","max-image-preview":"max-image-preview:large","max-video-preview":"max-video-preview:-1"},"canonical":"https:\/\/www.chezvivi-optique.fr\/index.php\/terms-of-use\/","og_locale":"fr_FR","og_type":"article","og_title":"Terms of Use - Chez Vivi - Opticien Lunetier","og_description":"Terms of Use General Terms and Conditions of Cactus General Information Lorem ipsum dolor sit amet, consectetur adipiscing elit, sed do eiusmod tempor incididunt ut labore et dolore magna aliqua. Penatibus et magnis dis parturient montes nascetur ridiculus mus mauris. Gravida in fermentum et sollicitudin ac orci phasellus. Vitae proin sagittis nisl rhoncus mattis rhoncus [&hellip;]","og_url":"https:\/\/www.chezvivi-optique.fr\/index.php\/terms-of-use\/","og_site_name":"Chez Vivi - Opticien Lunetier","article_modified_time":"2026-02-18T10:33:24+00:00","og_image":[{"width":400,"height":380,"url":"https:\/\/www.chezvivi-optique.fr\/wp-content\/uploads\/2026\/02\/Terms-Of-Use.jpg","type":"image\/jpeg"}],"twitter_card":"summary_large_image","twitter_misc":{"Dur\u00e9e de lecture estim\u00e9e":"4 minutes"},"schema":{"@context":"https:\/\/schema.org","@graph":[{"@type":"WebPage","@id":"https:\/\/www.chezvivi-optique.fr\/index.php\/terms-of-use\/","url":"https:\/\/www.chezvivi-optique.fr\/index.php\/terms-of-use\/","name":"Terms of Use - Chez Vivi - Opticien Lunetier","isPartOf":{"@id":"https:\/\/www.chezvivi-optique.fr\/#website"},"primaryImageOfPage":{"@id":"https:\/\/www.chezvivi-optique.fr\/index.php\/terms-of-use\/#primaryimage"},"image":{"@id":"https:\/\/www.chezvivi-optique.fr\/index.php\/terms-of-use\/#primaryimage"},"thumbnailUrl":"https:\/\/www.chezvivi-optique.fr\/wp-content\/uploads\/2026\/02\/Terms-Of-Use.jpg","datePublished":"2026-02-18T10:33:05+00:00","dateModified":"2026-02-18T10:33:24+00:00","breadcrumb":{"@id":"https:\/\/www.chezvivi-optique.fr\/index.php\/terms-of-use\/#breadcrumb"},"inLanguage":"fr-FR","potentialAction":[{"@type":"ReadAction","target":["https:\/\/www.chezvivi-optique.fr\/index.php\/terms-of-use\/"]}]},{"@type":"ImageObject","inLanguage":"fr-FR","@id":"https:\/\/www.chezvivi-optique.fr\/index.php\/terms-of-use\/#primaryimage","url":"https:\/\/www.chezvivi-optique.fr\/wp-content\/uploads\/2026\/02\/Terms-Of-Use.jpg","contentUrl":"https:\/\/www.chezvivi-optique.fr\/wp-content\/uploads\/2026\/02\/Terms-Of-Use.jpg","width":400,"height":380},{"@type":"BreadcrumbList","@id":"https:\/\/www.chezvivi-optique.fr\/index.php\/terms-of-use\/#breadcrumb","itemListElement":[{"@type":"ListItem","position":1,"name":"Accueil","item":"https:\/\/www.chezvivi-optique.fr\/"},{"@type":"ListItem","position":2,"name":"Terms of Use"}]},{"@type":"WebSite","@id":"https:\/\/www.chezvivi-optique.fr\/#website","url":"https:\/\/www.chezvivi-optique.fr\/","name":"Chez Vivi - Opticien Lunetier","description":"Votre opticien lyonnais pr\u00e9f\u00e9r\u00e9","publisher":{"@id":"https:\/\/www.chezvivi-optique.fr\/#organization"},"potentialAction":[{"@type":"SearchAction","target":{"@type":"EntryPoint","urlTemplate":"https:\/\/www.chezvivi-optique.fr\/?s={search_term_string}"},"query-input":{"@type":"PropertyValueSpecification","valueRequired":true,"valueName":"search_term_string"}}],"inLanguage":"fr-FR"},{"@type":"Organization","@id":"https:\/\/www.chezvivi-optique.fr\/#organization","name":"Chez Vivi - Opticien Lunetier","url":"https:\/\/www.chezvivi-optique.fr\/","logo":{"@type":"ImageObject","inLanguage":"fr-FR","@id":"https:\/\/www.chezvivi-optique.fr\/#\/schema\/logo\/image\/","url":"https:\/\/www.chezvivi-optique.fr\/wp-content\/uploads\/2026\/02\/logo-baseline-longue-horizontal-beige@3x.png","contentUrl":"https:\/\/www.chezvivi-optique.fr\/wp-content\/uploads\/2026\/02\/logo-baseline-longue-horizontal-beige@3x.png","width":1941,"height":588,"caption":"Chez Vivi - Opticien Lunetier"},"image":{"@id":"https:\/\/www.chezvivi-optique.fr\/#\/schema\/logo\/image\/"},"sameAs":["https:\/\/www.instagram.com\/chezvivi_optique\/"]}]}},"_links":{"self":[{"href":"https:\/\/www.chezvivi-optique.fr\/index.php\/wp-json\/wp\/v2\/pages\/29","targetHints":{"allow":["GET"]}}],"collection":[{"href":"https:\/\/www.chezvivi-optique.fr\/index.php\/wp-json\/wp\/v2\/pages"}],"about":[{"href":"https:\/\/www.chezvivi-optique.fr\/index.php\/wp-json\/wp\/v2\/types\/page"}],"author":[{"embeddable":true,"href":"https:\/\/www.chezvivi-optique.fr\/index.php\/wp-json\/wp\/v2\/users\/1"}],"replies":[{"embeddable":true,"href":"https:\/\/www.chezvivi-optique.fr\/index.php\/wp-json\/wp\/v2\/comments?post=29"}],"version-history":[{"count":4,"href":"https:\/\/www.chezvivi-optique.fr\/index.php\/wp-json\/wp\/v2\/pages\/29\/revisions"}],"predecessor-version":[{"id":80,"href":"https:\/\/www.chezvivi-optique.fr\/index.php\/wp-json\/wp\/v2\/pages\/29\/revisions\/80"}],"wp:featuredmedia":[{"embeddable":true,"href":"https:\/\/www.chezvivi-optique.fr\/index.php\/wp-json\/wp\/v2\/media\/32"}],"wp:attachment":[{"href":"https:\/\/www.chezvivi-optique.fr\/index.php\/wp-json\/wp\/v2\/media?parent=29"}],"curies":[{"name":"wp","href":"https:\/\/api.w.org\/{rel}","templated":true}]}}